082.
2, 116434541
What are the prime factors of 495056372?
2, 1879, 65867
List the prime factors of 307574468.
2, 331, 232307
What are the prime factors of 399025450?
2, 5, 7980509
What are the prime factors of 158605011?
3, 157, 112247
What are the prime factors of 1392386681?
7, 198912383
List the prime factors of 70255551.
3, 23418517
List the prime factors of 63363081.
3, 19, 41, 1427
What are the prime factors of 46782586?
2, 1093, 21401
What are the prime factors of 183351949?
11, 29, 31, 18541
List the prime factors of 269231599.
7, 13, 1451, 2039
List the prime factors of 145473412.
2, 7, 41, 126719
What are the prime factors of 1820176917?
3, 13, 239, 195277
List the prime factors of 102332441.
61, 173, 9697
List the prime factors of 29792419.
181, 164599
List the prime factors of 6839097.
3, 103, 22133
List the prime factors of 985008715.
5, 197001743
What are the prime factors of 185940049?
419, 443771
What are the prime factors of 1460971666?
2, 7, 11, 101, 8539
List the prime factors of 312509866.
2, 156254933
What are the prime factors of 970422148?
2, 1487, 163151
What are the prime factors of 5426372694?
2, 3, 904395449
What are the prime factors of 532793033?
532793033
What are the prime factors of 79525717?
67, 107, 11093
What are the prime factors of 81299382?
2, 3, 1303, 10399
What are the prime factors of 1415991657?
3, 15373, 30703
List the prime factors of 253982869.
7, 36283267
List the prime factors of 228551993.
228551993
What are the prime factors of 62557768?
2, 7, 13, 85931
List the prime factors of 150546479.
83, 1813813
List the prime factors of 2701371845.
5, 6133, 88093
List the prime factors of 229250034.
2, 3, 13, 326567
What are the prime factors of 458971941?
3, 173, 887, 997
What are the prime factors of 3659061717?
3, 89, 193, 23669
What are the prime factors of 1324785423?
3, 13, 2612989
List the prime factors of 716401254.
2, 3, 7019, 17011
What are the prime factors of 262149262?
2, 23, 811, 7027
List the prime factors of 30952079.
157, 197147
What are the prime factors of 36822372?
2, 3, 59, 52009
List the prime factors of 319511491.
13, 59, 416573
What are the prime factors of 24869832?
2, 3, 13, 79, 1009
What are the prime factors of 221566571?
221566571
List the prime factors of 598387700.
2, 5, 5983877
What are the prime factors of 1387511035?
5, 173, 1604059
What are the prime factors of 84410315?
5, 11, 79, 19427
List the prime factors of 443517786.
2, 3, 23, 709, 1511
List the prime factors of 99949455.
3, 5, 251, 8849
What are the prime factors of 664096688?
2, 41506043
What are the prime factors of 14894806?
2, 29, 71, 3617
List the prime factors of 255648244.
2, 17, 37, 43, 139
List the prime factors of 811416583.
193, 673, 6247
What are the prime factors of 709908750?
2, 3, 5, 63103
List the prime factors of 52173738.
2, 3, 2898541
List the prime factors of 647710898.
2, 131, 2472179
What are the prime factors of 3696254887?
13, 47, 6049517
What are the prime factors of 4083896799?
3, 41, 1229719
List the prime factors of 253113517.
193, 647, 2027
List the prime factors of 145223390.
2, 5, 13, 85931
What are the prime factors of 52237884?
2, 3, 4353157
What are the prime factors of 80207657?
317, 421, 601
What are the prime factors of 770545444?
2, 241, 383, 2087
List the prime factors of 512249822.
2, 7, 97, 53887
What are the prime factors of 338495033?
5503, 61511
What are the prime factors of 362979477?
3, 7, 19, 71, 4271
What are the prime factors of 267228967?
17, 149, 105499
List the prime factors of 994890552.
2, 3, 317, 130769
What are the prime factors of 2005646845?
5, 2447, 163927
List the prime factors of 22977763.
1361, 16883
What are the prime factors of 1378827?
3, 23, 6661
What are the prime factors of 6028460?
2, 5, 301423
List the prime factors of 142760186.
2, 17, 19, 383, 577
List the prime factors of 99400386.
2, 3, 16566731
What are the prime factors of 20615317?
29, 710873
List the prime factors of 561579.
3, 187193
List the prime factors of 542661554.
2, 271330777
What are the prime factors of 49367765?
5, 827, 11939
List the prime factors of 757567.
29, 151, 173
List the prime factors of 1934549752.
2, 19, 12727301
List the prime factors of 3608846237.
181, 19938377
What are the prime factors of 47824363?
163, 181, 1621
List the prime factors of 399436162.
2, 1489, 134129
What are the prime factors of 402279709?
13, 1051, 29443
What are the prime factors of 28449470?
2, 5, 7, 547, 743
What are the prime factors of 218112280?
2, 5, 31, 175897
What are the prime factors of 31352767?
31352767
List the prime factors of 872493987.
3, 241, 1206769
What are the prime factors of 67457622?
2, 3, 11242937
List the prime factors of 88414986.
2, 3, 11, 61, 21961
List the prime factors of 8225040.
2, 3, 5, 43, 797
What are the prime factors of 6202580587?
7, 103, 1259, 6833
List the prime factors of 6175461539.
13, 6367, 74609
List the prime factors of 3192787692.
2, 3, 3284761
List the prime factors of 2458206.
2, 3, 37, 3691
What are the prime factors of 118117155?
3, 5, 13, 409, 1481
List the prime factors of 171442315.
5, 11, 281, 11093
List the prime factors of 771418561.
181, 4261981
What are the prime factors of 841347763?
563, 1494401
What are the prime factors of 111670994?
2, 17, 3284441
What are the prime factors of 102631506?
2, 3, 17105251
What are the prime factors of 340518320?
2, 5, 491, 8669
What are the prime factors of 157538556?
2, 3, 7, 29, 21557
What are the prime factors of 39520854?
2, 3, 23, 95461
List the prime factors of 67559949.
3, 7506661
List the prime factors of 354225293.
354225293
List the prime factors of 59564304.
2, 3, 61, 6781
List the prime factors of 2792191898.
2, 53, 26341433
What are the prime factors of 49706948?
2, 61, 101, 2017
List the prime factors of 70365892.
2, 19, 89, 101, 103
What are the prime factors of 81723999?
3, 7, 79, 49261
List the prime factors of 118820277.
3, 23, 47, 59
List the prime factors of 449234572.
2, 53, 2119031
List the prime factors of 210530354.
2, 197, 534341
What are the prime factors of 36093415?
5, 47, 153589
List the prime factors of 3403974290.
2, 5, 53, 121181
List the prime factors of 22020337.
22020337
What are the prime factors of 49401411?
3, 739, 22283
What are the prime factors of 351681450?
2, 3, 5, 19, 123397
List the prime factors of 24529418.
2, 19, 29, 22259
What are the prime factors of 151219863?
3, 43, 379, 1031
What are the prime factors of 1087037681?
17, 67, 954379
What are the prime factors of 183780853?
183780853
List the prime factors of 332428463.
151, 863, 2551
List the prime factors of 34944116.
2, 19, 459791
List the prime factors of 202461113.
53, 797, 4793
What are the prime factors of 4345372477?
4345372477
What are the prime factors of 868036309?
7, 124005187
What are the prime factors of 40342539?
3, 383, 35111
What are the prime factors of 468930987?
3, 7, 7443349
List the prime factors of 3509532949.
13, 269964073
List the prime factors of 7978283938.
2, 31, 128681999
What are the prime factors of 138544378?
2, 7, 2069, 4783
What are the prime factors of 32311848?
2, 3, 127, 10601
List the prime factors of 1933759068.
2, 3, 3257, 49477
List the prime factors of 52139677.
751, 69427
What are the prime factors of 291013918?
2, 13, 19, 251, 2347
What are the prime factors of 71842249?
19, 127, 1567
What are the prime factors of 2747187048?
2, 3, 19, 6024533
What are the prime factors of 268956581?
1489, 180629
List the prime factors of 2526933664.
2, 78966677
List the prime factors of 56466441.
3, 6274049
What are the prime factors of 2758808660?
2, 5, 71, 449, 4327
List the prime factors of 5535623169.
3, 37, 16623493
List the prime factors of 95630658.
2, 3, 137, 317, 367
What are the prime factors of 5926383717?
3, 191, 1543, 6703
What are the prime factors of 2469568596?
2, 3, 11, 18708853
List the prime factors of 43227280.
2, 5, 19, 28439
List the prime factors of 176239500.
2, 3, 5, 293, 401
What are the prime factors of 2060474422?
2, 89, 11575699
List the prime factors of 43533168.
2, 3, 7, 83, 223
List the prime factors of 179582190.
2, 3, 5, 43, 73, 1907
List the prime factors of 12358552.
2, 67, 23057
List the prime factors of 113776924.
2, 37, 73, 105